{"id":11059,"date":"2021-12-01T15:30:47","date_gmt":"2021-12-01T20:30:47","guid":{"rendered":"https:\/\/medialab.unmsm.edu.pe\/chiqaqnews\/?page_id=11059"},"modified":"2021-12-03T12:50:48","modified_gmt":"2021-12-03T17:50:48","slug":"seccion-ii-tic","status":"publish","type":"page","link":"https:\/\/medialab.unmsm.edu.pe\/chiqaqnews\/seccion-ii-tic\/","title":{"rendered":"Secci\u00f3n II-TIC (2021)"},"content":{"rendered":"\n<p>JOSUE ACU\u00d1A HUACCHILLO<\/p>\n\n\n\n<div class=\"wp-block-image is-style-editorskit-rounded\"><figure class=\"alignleft\"><img decoding=\"async\" loading=\"lazy\" width=\"120\" height=\"120\" src=\"https:\/\/medialab.unmsm.edu.pe\/chiqaqnews\/wp-content\/uploads\/2021\/12\/UNMSM-120x120.jpg\" alt=\"\" class=\"wp-image-11062\"\/><\/figure><\/div>\n\n\n\n<p>(Lima, 2002). Tengo 19 a\u00f1os. Me encuentro cursando el cuarto ciclo de la carrera de Comunicaci\u00f3n Social en la Universidad Nacional Mayor de San Marcos. Pienso enfocarme en la especialidad de Periodismo, pero tambi\u00e9n siento inter\u00e9s por el  mundo audiovisual. El primero porque me gustan mucho los deportes, tanto  practicarlo como estudiarlos. El segundo, porque me gusta tomar fotos, editarlas y  crear videos. Adem\u00e1s, en mis ratos libres suelo escribir, escuchar m\u00fasica y analizar  temas deportivos.<\/p>\n\n\n\n<hr class=\"wp-block-separator\"\/>\n\n\n\n<p>ABIGAIL ALARCON HUERTA<\/p>\n\n\n\n<div class=\"wp-block-image is-style-editorskit-rounded\"><figure class=\"alignleft\"><img decoding=\"async\" loading=\"lazy\" width=\"120\" height=\"120\" src=\"https:\/\/medialab.unmsm.edu.pe\/chiqaqnews\/wp-content\/uploads\/2021\/12\/Ab-1.jpg\" alt=\"\" class=\"wp-image-11103\"\/><\/figure><\/div>\n\n\n\n<p>Nac\u00ed hace 19 a\u00f1os en Lima Metropolitana, exactamente, el 21 de noviembre del 2001. Actualmente, vivo en Los Olivos y curso el cuarto ciclo de la carrera de Comunicaci\u00f3n Social en la UNMSM. Asimismo, tengo inter\u00e9s en especializarme en la rama organizacional y audiovisual. Desde peque\u00f1a siempre tuve inclinaci\u00f3n por el mundo art\u00edstico, por lo que ha lo largo de mi vida he llevado clases de baile, canto, guitarra, piano e incluso actuaci\u00f3n. En mis tiempos libres disfruto leer ficci\u00f3n y escribir sobre todo aquello que me cause inter\u00e9s. S\u00e9 hablar en ingl\u00e9s y tengo conocimientos b\u00e1sicos en italiano y portugu\u00e9s. Tambi\u00e9n he participado en distintos voluntariados pues aspiro a que mis acciones, adem\u00e1s de trasmitir sensaciones a trav\u00e9s del arte, generen un impacto positivo en la sociedad.<\/p>\n\n\n\n<hr class=\"wp-block-separator\"\/>\n\n\n\n<p>JAIR ALMANZA TORRES <\/p>\n\n\n\n<div class=\"wp-block-image is-style-editorskit-rounded\"><figure class=\"alignleft\"><img decoding=\"async\" loading=\"lazy\" width=\"120\" height=\"142\" src=\"https:\/\/medialab.unmsm.edu.pe\/chiqaqnews\/wp-content\/uploads\/2021\/12\/WhatsApp-Image-2021-10-14-at-14.19.52.jpeg\" alt=\"\" class=\"wp-image-11106\"\/><\/figure><\/div>\n\n\n\n<p>Nac\u00ed en Lima el 07\/02\/2002 y actualmente soy un estudiante de 19 a\u00f1os que ahora cursa el cuarto ciclo de la carrera de Comunicaci\u00f3n Social en la UNMSM. Me llamo Jair Cristopher Almanza Torres y por ahora sigo pensando si me dedicar\u00e9 en el lado audiovisual o en el organizacional. Tengo saberes previos en fotograf\u00eda, redacci\u00f3n y teor\u00edas de la organizaci\u00f3n. Asimismo, conozco variadas t\u00e9cnicas de edici\u00f3n de videos en los programas de Adobe After effects y el Adobe Premier, pero s\u00e9 que a\u00fan me falta mucho por conocer sobre ambos programas. Me gustan los deportes, el doblaje y la animaci\u00f3n. Mis pasatiempos son hacer calistenia y escuchar los sountracks instrumentales de las pel\u00edculas, animes, juegos y series porque me gustan y me sirven para mi edici\u00f3n videos.<\/p>\n\n\n\n<hr class=\"wp-block-separator\"\/>\n\n\n\n<p>ADRIANA BARRIENTOS RUIZ <\/p>\n\n\n\n<div class=\"wp-block-image is-style-editorskit-rounded\"><figure class=\"alignleft\"><img decoding=\"async\" loading=\"lazy\" width=\"120\" height=\"120\" src=\"https:\/\/medialab.unmsm.edu.pe\/chiqaqnews\/wp-content\/uploads\/2021\/12\/Foto-2.jpg\" alt=\"\" class=\"wp-image-11120\"\/><\/figure><\/div>\n\n\n\n<p>Soy una estudiante de 18 a\u00f1os que est\u00e1 cursando el cuarto ciclo de la carrera de Comunicaci\u00f3n Social de la especialidad de Audiovisuales en la Universidad Mayor de San Marcos. A muy temprana edad he tenido una afici\u00f3n hacia el arte visual y auditivo, as\u00ed como en la tecnolog\u00eda, aprendiendo de estos de manera autodidacta. Actualmente desarrollo ilustraciones digitales y contenido audiovisual en plataformas como Instagram, Twitter y YouTube, las cuales han sido de gran ayuda para mi desarrollo art\u00edstico y audiovisual. Junto a este nuevo proyecto de cultura digital y narrativas en web deseo aprender mucho m\u00e1s.<\/p>\n\n\n\n<hr class=\"wp-block-separator\"\/>\n\n\n\n<p>JARIKSA CABALLERO BATALLANOS<\/p>\n\n\n\n<div class=\"wp-block-image is-style-editorskit-rounded\"><figure class=\"alignleft\"><img decoding=\"async\" loading=\"lazy\" width=\"120\" height=\"120\" src=\"https:\/\/medialab.unmsm.edu.pe\/chiqaqnews\/wp-content\/uploads\/2021\/12\/IMAGEN-120X1202.jpg\" alt=\"\" class=\"wp-image-11108\"\/><\/figure><\/div>\n\n\n\n<p>Nac\u00ed en Lima, el 01 de julio del 2002. Actualmente tengo 19 a\u00f1os, y curso el cuarto ciclo en la Escuela Profesional de Comunicaci\u00f3n Social de la Universidad Nacional Mayor de San Marcos. Hasta el momento no me he decidido por una especialidad, pero mi atenci\u00f3n se ha visto enfocada en las ramas de Audiovisuales y Comunicaci\u00f3n Organizacional. Actualmente, me desarrollo como miembro de la Comisi\u00f3n de Prensa de la base-20. Desde hace ya unos a\u00f1os pertenezco a un elenco de danza peruana, por lo que desarrolle un gusto hacia esta disciplina. En el futuro, me gustar\u00eda pertenecer a proyectos ligados con lo social, fotograf\u00eda, arte y cultura; sin embargo no le cerrar\u00eda las puertas a nuevas oportunidades que contribuyan a mi desarrollo profesional.<\/p>\n\n\n\n<hr class=\"wp-block-separator\"\/>\n\n\n\n<p>JHOSEP CARBAJAL ASCENCIOS<\/p>\n\n\n\n<div class=\"wp-block-image is-style-editorskit-rounded\"><figure class=\"alignleft\"><img decoding=\"async\" loading=\"lazy\" width=\"120\" height=\"125\" src=\"https:\/\/medialab.unmsm.edu.pe\/chiqaqnews\/wp-content\/uploads\/2021\/12\/josep.jpg\" alt=\"\" class=\"wp-image-11112\"\/><\/figure><\/div>\n\n\n\n<p>(Lima, 2002). Estudiante de 19 a\u00f1os que reside en el distrito de San Mart\u00edn de Porres, junto a sus padres y hermano. Actualmente, se encuentra cursando sus estudios de cuarto grado en el pregrado de la carrera de Comunicaci\u00f3n Social, con proyecci\u00f3n a optar por la especialidad de Comunicaci\u00f3n Organizacional, en la Universidad Nacional Mayor de San Marcos. Sus intereses acad\u00e9micos est\u00e1n relacionados a la difusi\u00f3n y an\u00e1lisis de estudios culturales. As\u00ed mismo, aficionado al an\u00e1lisis de medios digitales de periodismo deportivo, cultural y musical. Entusiasmado y comprometido con este proyecto digital de difusi\u00f3n informativa independiente.<\/p>\n\n\n\n<hr class=\"wp-block-separator\"\/>\n\n\n\n<p>KATERINE CARDENAS CARDENAS<\/p>\n\n\n\n<div class=\"wp-block-image is-style-editorskit-rounded\"><figure class=\"alignleft\"><img decoding=\"async\" loading=\"lazy\" width=\"120\" height=\"120\" src=\"https:\/\/medialab.unmsm.edu.pe\/chiqaqnews\/wp-content\/uploads\/2021\/12\/foto-minibiograf\u00eda-120-x120.jpg\" alt=\"\" class=\"wp-image-11113\"\/><\/figure><\/div>\n\n\n\n<p>(Lima, 2003), Estudiante de 18 a\u00f1os. Me encuentro cursando el cuarto ciclo de la carrera de comunicaci\u00f3n social en la Universidad Nacional Mayor de San Marcos, y planeo estudiar la especialidad de audiovisuales. Desde peque\u00f1a he gustado de actividades que relacionan la creatividad, la sensibilidad y la perseverancia; por lo que me he aventurado en varias de ellas como el dibujo, la pintura, el deporte y la danza. Asimismo, comienzo a desarrollarme en nuevos \u00e1mbitos como la producci\u00f3n audiovisual, la animaci\u00f3n digital y la redacci\u00f3n. De esta forma, me estoy aventurando en este proyecto de cultura digital y narrativas web.<\/p>\n\n\n\n<hr class=\"wp-block-separator\"\/>\n\n\n\n<p>LUIS CARRAN ALEGRIA<\/p>\n\n\n\n<div class=\"wp-block-image is-style-editorskit-rounded\"><figure class=\"alignleft\"><img decoding=\"async\" loading=\"lazy\" width=\"120\" height=\"120\" src=\"https:\/\/medialab.unmsm.edu.pe\/chiqaqnews\/wp-content\/uploads\/2021\/12\/fotominibio-LuisCarran.jpg\" alt=\"\" class=\"wp-image-11677\"\/><\/figure><\/div>\n\n\n\n<p>Nac\u00ed en Lima, estudiante de 26 a\u00f1os. Curso estudios de d\u00e9cimo grado de la carrera de Comunicaci\u00f3n Social, especialidad de Comunicaci\u00f3n Audiovisual, en la Universidad Nacional Mayor de San Marcos. He llevado pr\u00e1cticas en edici\u00f3n no lineal en publicidad, manejo programas como Adobe Premiere y After Effects. En un futuro me gustar\u00eda desarrollar mis habilidades en la Animaci\u00f3n 2D y 3D. Me gusta el anime y manga, as\u00ed como tambi\u00e9n los videojuegos.<\/p>\n\n\n\n<hr class=\"wp-block-separator\"\/>\n\n\n\n<p>PAOLA CARRASCO BASTIDAS <\/p>\n\n\n\n<p>(Huancayo, 2000). Estudiante de 21 a\u00f1os. Actualmente estoy cursando estudios de cuarto grado de la carrera de Comunicaci\u00f3n Social en la Universidad Nacional Mayor de San Marcos, con el objetivo de estudiar la especialidad de Audiovisuales. Desde mi infancia busqu\u00e9 realizar actividades que se relacionen con el arte, la m\u00fasica; \u00e1reas que se dedican a<br> explotar la creatividad que poseemos. En estos momentos formo parte del medio independiente sanmarquino \u201cIrradiando San Marcos\u201d, donde ejercemos el periodismo web y radial. Asimismo, siempre busco un constante aprendizaje dentro y fuera de la universidad, incursionando en el dise\u00f1o digital. Y de la misma forma, me embarcado en este proyecto de cultura digital y nuevas narrativas en la web.<\/p>\n\n\n\n<hr class=\"wp-block-separator\"\/>\n\n\n\n<p>JAMIE CASTRO TACZA<\/p>\n\n\n\n<div class=\"wp-block-image is-style-editorskit-rounded\"><figure class=\"alignleft\"><img decoding=\"async\" loading=\"lazy\" width=\"120\" height=\"120\" src=\"https:\/\/medialab.unmsm.edu.pe\/chiqaqnews\/wp-content\/uploads\/2021\/12\/Foto01.jpg.jpg\" alt=\"\" class=\"wp-image-11116\"\/><\/figure><\/div>\n\n\n\n<p>Nac\u00ed en Lima, actualmente resido en el distrito de Los Olivos. Tengo 19 a\u00f1os y curso el cuarto ciclo de la carrera de Comunicaci\u00f3n Social en la Universidad Nacional Mayor de San Marcos, tengo planeado especializarme en audiovisuales. Me apasiona la historia, el dibujo, las caricaturas, el doblaje, la danza y me divierto con la lectura de distintos g\u00e9neros literarios. Me interesan mucho los medios audiovisuales y las redes sociales, ya que a trav\u00e9s de ellos podr\u00e9 crear diversos contenidos que pueden crear un impacto positivo en ni\u00f1os y adolescentes. Ahora me encuentro embarcada en este proyecto de cultura digital y nuevas narrativas en la web.<\/p>\n\n\n\n<hr class=\"wp-block-separator\"\/>\n\n\n\n<p>MAUDY CHIRITO FLORES <\/p>\n\n\n\n<div class=\"wp-block-image is-style-editorskit-rounded\"><figure class=\"alignleft\"><img decoding=\"async\" loading=\"lazy\" width=\"118\" height=\"118\" src=\"https:\/\/medialab.unmsm.edu.pe\/chiqaqnews\/wp-content\/uploads\/2021\/12\/Foto-para-carnet-120.png\" alt=\"\" class=\"wp-image-11162\"\/><\/figure><\/div>\n\n\n\n<p>(Lima, 1998) Soy una estudiante de 23 a\u00f1os. Curso el cuarto ciclo de la carrera de Comunicaci\u00f3n Social. Si bien a\u00fan no es oficial mi especializaci\u00f3n, me inclino m\u00e1s hacia la especialidad de Audiovisuales. Actualmente, pertenezco a un equipo, llamado Irradiando San Marcos es un medio por cu\u00e1l se comunican noticias de pol\u00edtica, salud, econom\u00eda, cultura y sociedad. Realizamos entrevistas independientes, redacciones, actualizaciones, producciones gr\u00e1ficas, entre otras. Adem\u00e1s de contar con un programa de radio en la estaci\u00f3n Radio Santa Rosa. Mis intereses se basan principalmente en el dise\u00f1o, la edici\u00f3n y las producciones audiovisuales, casi todo lo relacionado a la cultura digital.<\/p>\n\n\n\n<hr class=\"wp-block-separator\"\/>\n\n\n\n<p>MISHELL CHULLUNKUIA COKUINCHE<\/p>\n\n\n\n<div class=\"wp-block-image is-style-editorskit-rounded\"><figure class=\"alignleft\"><img decoding=\"async\" loading=\"lazy\" width=\"120\" height=\"115\" src=\"https:\/\/medialab.unmsm.edu.pe\/chiqaqnews\/wp-content\/uploads\/2021\/12\/IMG_20190427_144446ya.jpg\" alt=\"\" class=\"wp-image-11183\"\/><\/figure><\/div>\n\n\n\n<p>(Cusco, 1997) Estudiante de 25 a\u00f1os. Curso el cuarto ciclo de la carrera de comunicaci\u00f3n social en la universidad Nacional Mayor de San Marcos, deseo especializarme en audiovisuales. Desde muy corta edad estuve rodeada de artistas y artesanos, por lo que desarrolle un gusto por el arte en s\u00ed, ya sea, pintura, dibujo o joyer\u00eda entre otras expresiones art\u00edsticas en donde se reflejan caracter\u00edsticas \u00fanicas de cada lugar. Asimismo, uno de mis pasatiempos es crear historias, las cuales planeo plasmar en productos audiovisuales por ello, busco desarrollar mayores aptitudes para ese tipo de producci\u00f3n sin dejar de lado la redacci\u00f3n. De esta forma, me aventuro en este proyecto de cultura digital y narrativas web.<\/p>\n\n\n\n<hr class=\"wp-block-separator\"\/>\n\n\n\n<p>JHOANA CUELA QUISPE <\/p>\n\n\n\n<p>Lime\u00f1a desde que tengo uso de memoria. Actualmente, datando del 14\/10\/21, curso el 4to ciclo en la carrera de Comunicaci\u00f3n Social dentro de la Universidad Nacional Mayor de San Marcos. Amante de las lecturas aleatorias, del escribir, del baile espont\u00e1neo y de los voluntariados que tengan repercusi\u00f3n a niveles social-etnogr\u00e1ficos logrando cambios adjetivados como \u201cpeque\u00f1os\u201d o grandes; fin personal diario: carpe diem. Con anterioridad he podido escribir una novela en una plataforma web, as\u00ed como formar parte de voluntariados dirigido hacia ni\u00f1os y adultos mayores. En consecuencia, logr\u00e9 ser realista con mi entorno, cayendo en la conclusi\u00f3n de que si bien la deshumanizaci\u00f3n es un hecho indudable, la vicisitud es una opci\u00f3n. En adem\u00e1n, pude aprender de las experiencias de ajenos y, en lo acad\u00e9mico, lograr un pilar m\u00e1s del porqu\u00e9 especializarme en periodismo. Pet-lover.<\/p>\n\n\n\n<hr class=\"wp-block-separator\"\/>\n\n\n\n<p><a href=\"https:\/\/medialab.unmsm.edu.pe\/chiqaqnews\/author\/gerson-cueto-cardenas\/\" class=\"ek-link\">GERSON CUETO CARDENAS<\/a> <\/p>\n\n\n\n<div class=\"wp-block-image is-style-editorskit-rounded\"><figure class=\"alignleft\"><img decoding=\"async\" loading=\"lazy\" width=\"120\" height=\"120\" src=\"https:\/\/medialab.unmsm.edu.pe\/chiqaqnews\/wp-content\/uploads\/2021\/12\/fotograf\u00eda.jpg\" alt=\"\" class=\"wp-image-11163\"\/><\/figure><\/div>\n\n\n\n<p>Nac\u00ed en Ica, 2003. Estudiante de 18 a\u00f1os. Curso estudios de cuarto ciclo de la carrera de Comunicaci\u00f3n Social, con direcci\u00f3n a la especialidad de Comunicaci\u00f3n Audiovisual, en la Universidad Nacional Mayor de San Marcos. Gusto por el cine y por series, cuyos centros principales est\u00e9n enfocados en lo fuera de lo cotidiano, y, asimismo, un gran gusto por el dibujo y dise\u00f1o de personajes. Actualmente tengo la meta de lograr de publicar una historia y que esta, sea por el medio que sea, sea le\u00edda y apreciada por muchas personas. Desde ahora soy iniciante en el camino de este proyecto de cultura digital y nuevas narrativas en la web.<\/p>\n\n\n\n<hr class=\"wp-block-separator\"\/>\n\n\n\n<p>REBECA GARAY TAPIA<\/p>\n\n\n\n<div class=\"wp-block-image is-style-editorskit-rounded\"><figure class=\"alignleft\"><img decoding=\"async\" loading=\"lazy\" width=\"120\" height=\"120\" src=\"https:\/\/medialab.unmsm.edu.pe\/chiqaqnews\/wp-content\/uploads\/2021\/12\/foto-1-1.jpg\" alt=\"\" class=\"wp-image-11166\"\/><\/figure><\/div>\n\n\n\n<p>(Lima, 2021). Estudiante de 20 a\u00f1os. Curso estudios de cuarto ciclo de la carrera de Comunicaci\u00f3n Social, especialidad de Periodismo\/Audiovisual, en la Universidad Nacional Mayor de San Marcos. De igual forma, soy estudiante de segundo a\u00f1o en la carrera de Relaciones Internacionales en la Universidad Peruana de Ciencias Aplicadas (UPC). Formo parte de la Secretar\u00eda Acad\u00e9mica del Club ONU de la UNMSM que se encarga de organizar debates sobre problem\u00e1ticas internacionales. Asimismo, integro el \u00c1rea de Relaciones P\u00fablicas en el Grupo de Estudios Internacionales GEDIRI de la Universidad Peruana de Ciencias Aplicadas (UPC). Hace unos a\u00f1os estudiaba en la Escuela de Teatro de Lima (ETDL) y tambi\u00e9n llev\u00e9 cursos extensivos de canto l\u00edrico en el Conservatorio Nacional de M\u00fasica. Actualmente, mi meta es ingresar a la Escuela Nacional de Bellas Artes para especializarme en pintura y formalizar mis conocimientos sobre arte.<\/p>\n\n\n\n<hr class=\"wp-block-separator\"\/>\n\n\n\n<p>FABIO GARCIA CAQUI<\/p>\n\n\n\n<p>Nac\u00ed en Lima y tengo 19 a\u00f1os. Actualmente curso el 4to grado ciclo de la carrera profesional de Comunicaci\u00f3n Social en la Universidad Nacional Mayor de San Marcos. He trabajado en distintos proyectos audiovisuales y\/o documentales, tambi\u00e9n me dedico a la fotograf\u00eda art\u00edstica en el rubro cultural de mi localidad. Tambi\u00e9n he participado en eventos acad\u00e9micos tanto de mi escuela como a nivel externo acerca de legislaci\u00f3n y el arte. Amante del cine, los libros de autor y de la m\u00fasica en general; mi m\u00e1xima aspiraci\u00f3n es conmover a la gente con mis creaciones.<\/p>\n\n\n\n<hr class=\"wp-block-separator\"\/>\n\n\n\n<p>ANGELICA GARCIA VERA<\/p>\n\n\n\n<div class=\"wp-block-image is-style-editorskit-rounded\"><figure class=\"alignleft\"><img decoding=\"async\" loading=\"lazy\" width=\"120\" height=\"122\" src=\"https:\/\/medialab.unmsm.edu.pe\/chiqaqnews\/wp-content\/uploads\/2021\/12\/Foto-1-2.jpg\" alt=\"\" class=\"wp-image-11167\"\/><\/figure><\/div>\n\n\n\n<p>Nac\u00ed en La Victoria, Lima, y actualmente resido en el distrito de San Luis. Soy una estudiante de 18 a\u00f1os cursando el cuarto ciclo de la carrera de Comunicaci\u00f3n Social en la Universidad Nacional Mayor de San Marcos. He llevado un curso de Dise\u00f1o Gr\u00e1fico b\u00e1sico en el instituto Cibertec. Formo parte del Centro de Estudiantes de Comunicaci\u00f3n Social en la secretar\u00eda de Econom\u00eda. Apoyo en la vacunaci\u00f3n contra la covid-19 de forma voluntaria desde mayo del 2021. Mis gustos principales se relacionan con el baile y dem\u00e1s expresiones culturales. Ahora estoy embarcada en este proyecto de periodismo digital.<\/p>\n\n\n\n<hr class=\"wp-block-separator\"\/>\n\n\n\n<p>NASSEBA HUAMAN TORRES<\/p>\n\n\n\n<div class=\"wp-block-image is-style-editorskit-rounded\"><figure class=\"alignleft\"><img decoding=\"async\" loading=\"lazy\" width=\"120\" height=\"120\" src=\"https:\/\/medialab.unmsm.edu.pe\/chiqaqnews\/wp-content\/uploads\/2021\/12\/FOTO-HUAMAN-TORRES.jpg\" alt=\"\" class=\"wp-image-11178\"\/><\/figure><\/div>\n\n\n\n<p>Soy Nasseba Francia Huaman Torres (Ayacucho, 1998), estudiante del cuarto ciclo de la carrera de profesional de Comunicaci\u00f3n Social, especialidad de Comunicaci\u00f3n Audiovisual, en la Universidad Nacional Mayor de San Marcos (UNMSM). Antes de ingresar a la UNMSM por la modalidad de Traslado Externo, fu\u00ed estudiante de la Universidad Nacional San Crist\u00f3bal de Huamanga (UNSCH) en la cual fui part\u00edcipe del Proyecto Radial \u201cZona G\u201d que incentivaba la Educaci\u00f3n Sexual en j\u00f3venes de la regi\u00f3n de Ayacucho, la cual fue transmitida por la radio Modamix 89.9 FM. Tambi\u00e9n, fui part\u00edcipe en el concurso de Fotograf\u00eda An\u00e1loga a nivel de la Escuela de Ciencias de la Comunicaci\u00f3n &#8211; UNSCH, donde fui acreedora del segundo lugar. Adem\u00e1s de ser editora de videos, tomar fotograf\u00edas y hacer bocetos en mis tiempos libres, ello me permiti\u00f3 definir mi camino hacia la carrera de comunicaci\u00f3n. Actualmente estoy con buenas expectativas a desarrollar este proyecto de cultura digital y nuevas narrativas en la web.<\/p>\n\n\n\n<hr class=\"wp-block-separator\"\/>\n\n\n\n<p><\/p>\n","protected":false},"excerpt":{"rendered":"<p>JOSUE ACU\u00d1A HUACCHILLO (Lima, 2002). Tengo 19 a\u00f1os. Me encuentro cursando el cuarto ciclo de la carrera de Comunicaci\u00f3n Social en la Universidad Nacional Mayor de San Marcos. Pienso enfocarme en la especialidad de Periodismo, pero tambi\u00e9n siento inter\u00e9s por el mundo audiovisual. El primero porque me gustan mucho los deportes, tanto practicarlo como estudiarlos. [&hellip;]<\/p>\n","protected":false},"author":1,"featured_media":0,"parent":0,"menu_order":0,"comment_status":"closed","ping_status":"closed","template":"","meta":[],"_links":{"self":[{"href":"https:\/\/medialab.unmsm.edu.pe\/chiqaqnews\/wp-json\/wp\/v2\/pages\/11059"}],"collection":[{"href":"https:\/\/medialab.unmsm.edu.pe\/chiqaqnews\/wp-json\/wp\/v2\/pages"}],"about":[{"href":"https:\/\/medialab.unmsm.edu.pe\/chiqaqnews\/wp-json\/wp\/v2\/types\/page"}],"author":[{"embeddable":true,"href":"https:\/\/medialab.unmsm.edu.pe\/chiqaqnews\/wp-json\/wp\/v2\/users\/1"}],"replies":[{"embeddable":true,"href":"https:\/\/medialab.unmsm.edu.pe\/chiqaqnews\/wp-json\/wp\/v2\/comments?post=11059"}],"version-history":[{"count":16,"href":"https:\/\/medialab.unmsm.edu.pe\/chiqaqnews\/wp-json\/wp\/v2\/pages\/11059\/revisions"}],"predecessor-version":[{"id":11682,"href":"https:\/\/medialab.unmsm.edu.pe\/chiqaqnews\/wp-json\/wp\/v2\/pages\/11059\/revisions\/11682"}],"wp:attachment":[{"href":"https:\/\/medialab.unmsm.edu.pe\/chiqaqnews\/wp-json\/wp\/v2\/media?parent=11059"}],"curies":[{"name":"wp","href":"https:\/\/api.w.org\/{rel}","templated":true}]}}