{"id":13351,"date":"2021-08-19T19:37:18","date_gmt":"2021-08-20T00:37:18","guid":{"rendered":"https:\/\/medialab.unmsm.edu.pe\/multitec\/?page_id=13351"},"modified":"2021-09-13T02:20:14","modified_gmt":"2021-09-13T07:20:14","slug":"objetivos","status":"publish","type":"page","link":"https:\/\/medialab.unmsm.edu.pe\/multitec\/objetivos\/","title":{"rendered":"OBJETIVOS"},"content":{"rendered":"<div id=\"pl-13351\"  class=\"panel-layout\" ><div id=\"pg-13351-0\"  class=\"panel-grid panel-no-style\" ><div id=\"pgc-13351-0-0\"  class=\"panel-grid-cell\" ><div id=\"panel-13351-0-0-0\" class=\"so-panel widget widget_mo-clearing-space panel-first-child\" data-index=\"0\" ><div\n\t\t\t\n\t\t\tclass=\"so-widget-mo-clearing-space so-widget-mo-clearing-space-default-d75171398898-13351\"\n\t\t\t\n\t\t><div style=\"clear:both; width:100%; height:30px\"><\/div><\/div><\/div><div id=\"panel-13351-0-0-1\" class=\"so-panel widget widget_sow-editor\" data-index=\"1\" ><div\n\t\t\t\n\t\t\tclass=\"so-widget-sow-editor so-widget-sow-editor-base\"\n\t\t\t\n\t\t><h3 class=\"widget-title\">OBJETIVOS<\/h3>\n<div class=\"siteorigin-widget-tinymce textwidget\">\n\t<p>El objetivo de MultiTEC es explorar y proponer soluciones a la situaci\u00f3n por la que atraviesan estudiantes, docentes e investigadores en el proceso de ense\u00f1anza aprendizaje y de investigaci\u00f3n en situaciones adversas y de emergencia como las que afronta la sociedad peruana. Ello con el fin de promover nuevos enfoques metodol\u00f3gicos docentes, estrategias comunicativas y fomento de las TIC para el desarrollo de ciberaprendizajes curriculares e investigaci\u00f3n cient\u00edfica en el marco de los ODS (ODS 4, ODS 8, ODS 9) que promueve la Agenda 2030 de la UNESCO, logrando niveles m\u00e1s elevados de educaci\u00f3n, de calidad de vida en sectores urbanos y rurales, mejorar la productividad econ\u00f3mica mediante la diversificaci\u00f3n, la modernizaci\u00f3n tecnol\u00f3gica y la innovaci\u00f3n. El proyecto busca contribuir con la pol\u00edtica educativa nacional otorg\u00e1ndole recursos derivados de esta investigaci\u00f3n con diagn\u00f3sticos y propuesta de soluciones en la implementaci\u00f3n (recursos y normativas) generadas por el Estado a consecuencia del contexto de pandemia en el que est\u00e1 la humanidad y en l\u00ednea con los Objetivos de Desarrollo Sostenible.<\/p>\n<\/div>\n<\/div><\/div><div id=\"panel-13351-0-0-2\" class=\"so-panel widget widget_mo-clearing-space panel-last-child\" data-index=\"2\" ><div\n\t\t\t\n\t\t\tclass=\"so-widget-mo-clearing-space so-widget-mo-clearing-space-default-d75171398898-13351\"\n\t\t\t\n\t\t><div style=\"clear:both; width:100%; height:50px\"><\/div><\/div><\/div><\/div><\/div><\/div>","protected":false},"excerpt":{"rendered":"<p>El objetivo de MultiTEC es explorar y proponer soluciones a la situaci\u00f3n por la que atraviesan estudiantes, docentes e investigadores en el proceso de ense\u00f1anza aprendizaje y de investigaci\u00f3n en situaciones adversas y de emergencia como las que afronta la sociedad peruana. Ello con el fin de promover nuevos enfoques metodol\u00f3gicos docentes, estrategias comunicativas y [&hellip;]<\/p>\n","protected":false},"author":1,"featured_media":0,"parent":0,"menu_order":0,"comment_status":"closed","ping_status":"closed","template":"template-1c.php","meta":[],"_links":{"self":[{"href":"https:\/\/medialab.unmsm.edu.pe\/multitec\/wp-json\/wp\/v2\/pages\/13351"}],"collection":[{"href":"https:\/\/medialab.unmsm.edu.pe\/multitec\/wp-json\/wp\/v2\/pages"}],"about":[{"href":"https:\/\/medialab.unmsm.edu.pe\/multitec\/wp-json\/wp\/v2\/types\/page"}],"author":[{"embeddable":true,"href":"https:\/\/medialab.unmsm.edu.pe\/multitec\/wp-json\/wp\/v2\/users\/1"}],"replies":[{"embeddable":true,"href":"https:\/\/medialab.unmsm.edu.pe\/multitec\/wp-json\/wp\/v2\/comments?post=13351"}],"version-history":[{"count":3,"href":"https:\/\/medialab.unmsm.edu.pe\/multitec\/wp-json\/wp\/v2\/pages\/13351\/revisions"}],"predecessor-version":[{"id":14013,"href":"https:\/\/medialab.unmsm.edu.pe\/multitec\/wp-json\/wp\/v2\/pages\/13351\/revisions\/14013"}],"wp:attachment":[{"href":"https:\/\/medialab.unmsm.edu.pe\/multitec\/wp-json\/wp\/v2\/media?parent=13351"}],"curies":[{"name":"wp","href":"https:\/\/api.w.org\/{rel}","templated":true}]}}