{"id":13357,"date":"2021-08-19T19:38:23","date_gmt":"2021-08-20T00:38:23","guid":{"rendered":"https:\/\/medialab.unmsm.edu.pe\/multitec\/?page_id=13357"},"modified":"2021-08-23T00:38:54","modified_gmt":"2021-08-23T05:38:54","slug":"caracteristicas","status":"publish","type":"page","link":"https:\/\/medialab.unmsm.edu.pe\/multitec\/caracteristicas\/","title":{"rendered":"CARACTER\u00cdSTICAS"},"content":{"rendered":"<div id=\"pl-13357\"  class=\"panel-layout\" ><div id=\"pg-13357-0\"  class=\"panel-grid panel-no-style\" ><div id=\"pgc-13357-0-0\"  class=\"panel-grid-cell\" ><div id=\"panel-13357-0-0-0\" class=\"so-panel widget widget_mo-clearing-space panel-first-child\" data-index=\"0\" ><div\n\t\t\t\n\t\t\tclass=\"so-widget-mo-clearing-space so-widget-mo-clearing-space-default-d75171398898-13357\"\n\t\t\t\n\t\t><div style=\"clear:both; width:100%; height:30px\"><\/div><\/div><\/div><div id=\"panel-13357-0-0-1\" class=\"so-panel widget widget_sow-editor\" data-index=\"1\" ><div\n\t\t\t\n\t\t\tclass=\"so-widget-sow-editor so-widget-sow-editor-base\"\n\t\t\t\n\t\t>\n<div class=\"siteorigin-widget-tinymce textwidget\">\n\t<p>MultiTEC es un proyecto multidisciplinar. Las tres disciplinas que participan en esta propuesta, buscan contribuir en paliar los efectos devastadores de la pandemia en diversos frentes, estableciendo sinergias derivadas del expertise en cada \u00e1mbito de conocimiento, basados en el know how de investigadores de las Ciencias de la Educaci\u00f3n (Fac. Educaci\u00f3n), Ciencias de la Comunicaci\u00f3n y Ciencias de la Informaci\u00f3n (Fac. de Letras y Ciencias Humanas) y las Tecnolog\u00edas de la Informaci\u00f3n y conocimiento (Fac. Ing\u00aa de Sistemas e Inform\u00e1tica). As\u00ed, tenemos al grupo de Educaci\u00f3n para estudio, an\u00e1lisis y propuestas metodol\u00f3gicas en la ense\u00f1anza no presencial; al grupo de Comunicaci\u00f3n en el dise\u00f1o de estrategias comunicativas y de contenidos para docentes e investigadores; y al grupo de Ingenier\u00eda, en el dise\u00f1o y desarrollo de modelos tecnol\u00f3gicos educativos que se construir\u00e1n utilizando drones para desarrollar estrategias de uso de augmented reality, AR, herramienta de pizarra virtual e-learning compatible para videoconferencias, entre otras, todo lo cual dar\u00e1 valor a\u00f1adido a la docencia e investigaci\u00f3n en entornos de ciberaprendizajes.<\/p>\n<\/div>\n<\/div><\/div><div id=\"panel-13357-0-0-2\" class=\"so-panel widget widget_mo-clearing-space panel-last-child\" data-index=\"2\" ><div\n\t\t\t\n\t\t\tclass=\"so-widget-mo-clearing-space so-widget-mo-clearing-space-default-d75171398898-13357\"\n\t\t\t\n\t\t><div style=\"clear:both; width:100%; height:50px\"><\/div><\/div><\/div><\/div><\/div><\/div>","protected":false},"excerpt":{"rendered":"<p>MultiTEC es un proyecto multidisciplinar. Las tres disciplinas que participan en esta propuesta, buscan contribuir en paliar los efectos devastadores de la pandemia en diversos frentes, estableciendo sinergias derivadas del expertise en cada \u00e1mbito de conocimiento, basados en el know how de investigadores de las Ciencias de la Educaci\u00f3n (Fac. Educaci\u00f3n), Ciencias de la Comunicaci\u00f3n [&hellip;]<\/p>\n","protected":false},"author":1,"featured_media":0,"parent":0,"menu_order":0,"comment_status":"closed","ping_status":"closed","template":"template-1c.php","meta":[],"_links":{"self":[{"href":"https:\/\/medialab.unmsm.edu.pe\/multitec\/wp-json\/wp\/v2\/pages\/13357"}],"collection":[{"href":"https:\/\/medialab.unmsm.edu.pe\/multitec\/wp-json\/wp\/v2\/pages"}],"about":[{"href":"https:\/\/medialab.unmsm.edu.pe\/multitec\/wp-json\/wp\/v2\/types\/page"}],"author":[{"embeddable":true,"href":"https:\/\/medialab.unmsm.edu.pe\/multitec\/wp-json\/wp\/v2\/users\/1"}],"replies":[{"embeddable":true,"href":"https:\/\/medialab.unmsm.edu.pe\/multitec\/wp-json\/wp\/v2\/comments?post=13357"}],"version-history":[{"count":0,"href":"https:\/\/medialab.unmsm.edu.pe\/multitec\/wp-json\/wp\/v2\/pages\/13357\/revisions"}],"wp:attachment":[{"href":"https:\/\/medialab.unmsm.edu.pe\/multitec\/wp-json\/wp\/v2\/media?parent=13357"}],"curies":[{"name":"wp","href":"https:\/\/api.w.org\/{rel}","templated":true}]}}